 the hundred millions digit of 135728384?
1
What is the hundreds digit of 387048778?
7
What is the hundreds digit of 72448665?
6
What is the units digit of 1468946881?
1
What is the hundreds digit of 402702861?
8
What is the thousands digit of 327741601?
1
What is the tens digit of 254047885?
8
What is the thousands digit of 385009872?
9
What is the thousands digit of 752149133?
9
What is the millions digit of 1670386533?
0
What is the millions digit of 4239818?
4
What is the hundreds digit of 114188295?
2
What is the hundred millions digit of 2717154012?
7
What is the ten millions digit of 394290705?
9
What is the millions digit of 147566765?
7
What is the millions digit of 187306625?
7
What is the tens digit of 253334045?
4
What is the millions digit of 97843579?
7
What is the millions digit of 224627623?
4
What is the hundred thousands digit of 3060759221?
7
What is the ten thousands digit of 153669707?
6
What is the tens digit of 38531388?
8
What is the hundred millions digit of 266600599?
2
What is the units digit of 561871694?
4
What is the ten millions digit of 2076154750?
7
What is the billions digit of 2310127056?
2
What is the hundred millions digit of 1733815608?
7
What is the hundred thousands digit of 22459570?
4
What is the ten thousands digit of 2255477472?
7
What is the tens digit of 81358123?
2
What is the thousands digit of 33215353?
5
What is the hundreds digit of 652497779?
7
What is the billions digit of 2214766907?
2
What is the hundred thousands digit of 128471299?
4
What is the ten millions digit of 939410040?
3
What is the ten millions digit of 385071253?
8
What is the thousands digit of 3482354681?
4
What is the ten thousands digit of 196441046?
4
What is the hundreds digit of 109627440?
4
What is the tens digit of 386631391?
9
What is the hundred thousands digit of 233479897?
4
What is the ten thousands digit of 889846944?
4
What is the ten millions digit of 10023992?
1
What is the millions digit of 2329497443?
9
What is the ten thousands digit of 139530705?
3
What is the ten millions digit of 19624749?
1
What is the thousands digit of 2213959793?
9
What is the ten thousands digit of 199323528?
2
What is the hundreds digit of 276615005?
0
What is the hundreds digit of 111614949?
9
What is the thousands digit of 86856971?
6
What is the thousands digit of 359169937?
9
What is the units digit of 4860527?
7
What is the hundred millions digit of 489462946?
4
What is the thousands digit of 4941068640?
8
What is the tens digit of 811715106?
0
What is the thousands digit of 176160820?
0
What is the hundreds digit of 1459396397?
3
What is the ten millions digit of 130455882?
3
What is the ten thousands digit of 2398728340?
2
What is the hundred thousands digit of 1798234364?
2
What is the units digit of 153844327?
7
What is the thousands digit of 773089650?
9
What is the thousands digit of 2504085899?
5
What is the tens digit of 475536386?
8
What is the ten millions digit of 142146385?
4
What is the millions digit of 89513830?
9
What is the ten millions digit of 182542997?
8
What is the millions digit of 168631961?
8
What is the millions digit of 152043526?
2
What is the millions digit of 559956117?
9
What is the tens digit of 3285642006?
0
What is the millions digit of 13120013?
3
What is the millions digit of 279581193?
9
What is the ten millions digit of 725116128?
2
What is the thousands digit of 923280531?
0
What is the hundred thousands digit of 450300585?
3
What is the tens digit of 57050236?
3
What is the units digit of 53835227?
7
What is the ten thousands digit of 37457000?
5
What is the hundred thousands digit of 1852053666?
0
What is the ten millions digit of 476621664?
7
What is the ten thousands digit of 3239982709?
8
What is the units digit of 4536084139?
9
What is the millions digit of 8114338178?
4
What is the millions digit of 50185644?
0
What is the thousands digit of 604368210?
8
What is the tens digit of 2991844002?
0
What is the ten millions digit of 22090093?
2
What is the thousands digit of 1544720327?
0
What is the hundred thousands digit of 423434282?
4
What is the millions digit of 4373021?
4
What is the thousands digit of 205211532?
1
What is the ten millions digit of 42836070?
4
What is the hundreds digit of 6910668?
6
What is the hundred millions digit of 4391858096?
3
What is the tens digit of 43362463?
6
What is the thousands digit of 94105512?
5
What is the ten millions digit of 73428144?
7
What is the units digit of 8302275?
5
What is the millions digit of 1054283142?
4
What is the hundred thousands digit of 3167048005?
0
What is the ten millions digit of 42361323?
4
What is the hundreds digit of 88959523?
5
What is the thousands digit of 1639177806?
7
What is the hundred millions digit of 686720329?
6
What is the millions digit of 118566667?
8
What is the thousands digit of 34833171?
3
What is the thousands digit of 1175140477?
0
What is the units digit of 31193568?
8
What is the hundreds digit of 1645856223?
2
What is the units digit of 117956605?
5
What is the thousands digit of 254045534?
5
What is the billions digit of 1241160463?
1
What is the hundred millions digit of 1359768519?
3
What is the hundreds digit of 35716016?
0
What is the hundred thousands digit of 101993492?
9
What is the ten millions digit of 939075452?
3
What is the ten millions digit of 102921927?
0
What is the ten millions digit of 1143298827?
4
What is the millions digit of 890104210?
0
What is the ten millions digit of 1133743704?
3
What is the ten millions digit of 125214945?
2
What is the units digit of 662191451?
1
What is the thousands digit of 954778235?
8
What is the thousands digit of 6164777385?
7
What is the ten millions digit of 12205619?
1
What is the tens digit of 67036484?
8
What is the thousands digit of 159672210?
2
What is the ten thousands digit of 814938291?
3
What is the hundreds digit of 200817483?
4
What is the units digit of 286239077?
7
What is the hundreds digit of 74043615?
6
What is the hundreds digit of 428913452?
4
What is the ten thousands digit of 1489649024?
4
What is the tens digit of 145714357?
5
What is the hundred thousands digit of 53294101?
2
What is the ten millions digit of 255106344?
5
What is the ten thousands digit of 3993539?
9
What is the tens digit of 952813079?
7
What is the ten millions digit of 235446565?
3
What is the ten millions digit of 80349624?
8
What is the units digit of 1252419854?
4
What is the ten thousands digit of 1866843748?
4
What is the millions digit of 395264267?
5
What is the tens digit of 87619985?
8
What is the hundred thousands digit of 111687411?
6
What is the units digit of 2272939220?
0
What is the hundreds digit of 671640225?
2
What is the tens digit of 4496279310?
1
What is the hundreds digit of 1321691807?
8
What is the ten thousands digit of 4379762504?
6
What is the hundred millions digit of 200840699?
2
What is the hundred thousands digit of 85302631?
3
What is the units digit of 191076951?
1
What is the millions digit of 270899860?
0
What is the hundred millions digit of 840624685?
8
What is the ten millions digit of 2406963531?
0
What is the millions digit of 341576002?
1
What is the thousands digit of 194920099?
0
What is the tens digit of 466897805?
0
What is the ten millions digit of 3501333245?
0
What is the ten millions digit of 404067530?
0
What is the ten thousands digit of 672619567?
1
What is the ten thousands digit of 765936841?
3
What is the ten millions digit of 5906830508?
0
What is the hundreds digit of 4210548687?
6
What is the hundred thousands digit of 281882443?
8
What is the millions digit of 105352459?
5
What is the tens digit of 309848931?
3
What is the hundreds digit of 64240399?
3
What is the hundred millions digit of 187406561?
1
What is the thousands digit of 737569387?
9
What is the millions digit of 24721275?
4
What is the hundred thousands digit of 232457736?
4
What is the ten millions digit of 55366265?
5
What is the hundred thousands digit of 60014156?
0
What is the millions digit of 78562336?
8
What is the units digit of 3968233982?
2
What is the hundreds digit of 978357612?
6
What is the units digit of 252370860?
0
What is the hundred thousands digit of 441138470?
1
What is the ten millions digit of 